{"id":123,"date":"2021-06-25T19:15:08","date_gmt":"2021-06-25T17:15:08","guid":{"rendered":"https:\/\/armorhistel.org\/centansdelaradio\/?page_id=123"},"modified":"2021-07-16T16:09:16","modified_gmt":"2021-07-16T14:09:16","slug":"le-temps-de-lanalogique","status":"publish","type":"page","link":"https:\/\/www.armorhistel.org\/centansdelaradio\/index.php\/le-temps-de-lanalogique\/","title":{"rendered":"Le temps de l&rsquo;analogique"},"content":{"rendered":"\n<p class=\"has-text-align-center has-vivid-red-color has-white-background-color has-text-color has-background has-medium-font-size\" style=\"line-height:1.4\">1  9  1  9<\/p>\n\n\n\n<div class=\"wp-block-columns is-layout-flex wp-container-core-columns-layout-1 wp-block-columns-is-layout-flex\">\n<div class=\"wp-block-column is-layout-flow wp-block-column-is-layout-flow\">\n<div class=\"wp-block-image\"><figure class=\"aligncenter\"><img decoding=\"async\" src=\"https:\/\/armorhistel.org\/centansdelaradio\/wp-content\/uploads\/2021\/07\/image.png\" alt=\"L\u2019attribut alt de cette image est vide, son nom de fichier est image.png.\"\/><\/figure><\/div>\n<\/div>\n\n\n\n<div class=\"wp-block-column is-layout-flow wp-block-column-is-layout-flow\">\n<p><strong>Au USA, cr\u00e9ation de la RCA<\/strong><\/p>\n\n\n\n<p>La compagnie RCA est cr\u00e9\u00e9e en 1919 aux\u00a0\u00c9tats Unis\u00a0par\u00a0<a href=\"https:\/\/fr.wikipedia.org\/wiki\/General_Electric\">G<\/a>eneral Electric\u00a0qui cherche alors un moyen de contr\u00f4ler le secteur \u00e9mergent de la radio. La soci\u00e9t\u00e9 reprend les activit\u00e9s de\u00a0Marconi\u00a0et commercialise les \u00e9quipements fabriqu\u00e9s par\u00a0General Electric\u00a0et\u00a0Westinghouse<\/p>\n<\/div>\n<\/div>\n\n\n\n<hr class=\"wp-block-separator\"\/>\n\n\n\n<p><\/p>\n\n\n\n<p class=\"has-text-align-center has-vivid-red-color has-white-background-color has-text-color has-background has-medium-font-size\">1  9  2  1<\/p>\n\n\n\n<div class=\"wp-block-columns is-layout-flex wp-container-core-columns-layout-2 wp-block-columns-is-layout-flex\">\n<div class=\"wp-block-column is-layout-flow wp-block-column-is-layout-flow\">\n<div class=\"wp-block-image\"><figure class=\"aligncenter\"><img decoding=\"async\" src=\"https:\/\/armorhistel.org\/centansdelaradio\/wp-content\/uploads\/2021\/07\/image-1.png\" alt=\"L\u2019attribut alt de cette image est vide, son nom de fichier est image-1.png.\"\/><\/figure><\/div>\n<\/div>\n\n\n\n<div class=\"wp-block-column is-layout-flow wp-block-column-is-layout-flow\">\n<p><strong>Le poste militaire de la&nbsp;<a href=\"https:\/\/fr.wikipedia.org\/wiki\/Tour_Eiffel\">Tour Eiffel<\/a>&nbsp;<\/strong>est la premi\u00e8re station de radio a \u00e9mettre de fa\u00e7on r\u00e9guli\u00e8re sur le territoire fran\u00e7ais.<\/p>\n\n\n\n<p>L\u2019\u00e9mission est quotidienne (30 mn de 16h30 \u00e0 17h00) Bulletin m\u00e9t\u00e9o et concert de violon<\/p>\n<\/div>\n<\/div>\n\n\n\n<hr class=\"wp-block-separator\"\/>\n\n\n\n<div class=\"wp-block-columns is-layout-flex wp-container-core-columns-layout-3 wp-block-columns-is-layout-flex\">\n<div class=\"wp-block-column is-layout-flow wp-block-column-is-layout-flow\">\n<p class=\"has-text-align-center has-vivid-red-color has-text-color has-medium-font-size\">1 9 2 2<\/p>\n<\/div>\n<\/div>\n\n\n\n<div class=\"wp-block-columns is-layout-flex wp-container-core-columns-layout-4 wp-block-columns-is-layout-flex\">\n<div class=\"wp-block-column is-layout-flow wp-block-column-is-layout-flow\">\n<div class=\"wp-block-image\"><figure class=\"aligncenter size-large\"><img loading=\"lazy\" decoding=\"async\" width=\"237\" height=\"109\" src=\"https:\/\/armorhistel.org\/centansdelaradio\/wp-content\/uploads\/2021\/07\/image-4.png\" alt=\"\" class=\"wp-image-165\"\/><\/figure><\/div>\n\n\n\n<div class=\"wp-block-image\"><figure class=\"aligncenter size-large\"><img loading=\"lazy\" decoding=\"async\" width=\"220\" height=\"162\" src=\"https:\/\/armorhistel.org\/centansdelaradio\/wp-content\/uploads\/2021\/07\/image-5.png\" alt=\"\" class=\"wp-image-166\"\/><\/figure><\/div>\n<\/div>\n\n\n\n<div class=\"wp-block-column is-layout-flow wp-block-column-is-layout-flow\">\n<p><strong>Cr\u00e9ation par la SFR de RADIOLA<\/strong><\/p>\n\n\n\n<p>Radiola\u00a0est une\u00a0<a href=\"https:\/\/fr.wikipedia.org\/wiki\/Station_de_radio\">station de radio<\/a>\u00a0fran\u00e7aise (g\u00e9n\u00e9raliste\u00a0; priv\u00e9e) cr\u00e9\u00e9e par\u00a0<a href=\"https:\/\/fr.wikipedia.org\/wiki\/%C3%89mile_Girardeau\">\u00c9mile Girardeau<\/a>\u00a0et qui \u00e9met du\u00a0<a href=\"https:\/\/fr.wikipedia.org\/wiki\/6_novembre\">6<\/a>\u00a0novembre\u00a01922\u00a0au\u00a028\u00a0mars\u00a01924.<\/p>\n<\/div>\n<\/div>\n\n\n\n<div class=\"wp-block-columns is-layout-flex wp-container-core-columns-layout-5 wp-block-columns-is-layout-flex\">\n<div class=\"wp-block-column is-layout-flow wp-block-column-is-layout-flow\">\n<div class=\"wp-block-image\"><figure class=\"aligncenter size-large\"><img loading=\"lazy\" decoding=\"async\" width=\"222\" height=\"57\" src=\"https:\/\/armorhistel.org\/centansdelaradio\/wp-content\/uploads\/2021\/07\/image-6.png\" alt=\"\" class=\"wp-image-167\"\/><\/figure><\/div>\n<\/div>\n\n\n\n<div class=\"wp-block-column is-layout-flow wp-block-column-is-layout-flow\">\n<p><strong>La\u00a0British Broadcasting Corporation<\/strong>\u00a0(BBC; en fran\u00e7ais\u00a0: \u00ab\u00a0Radiodiffusion-t\u00e9l\u00e9vision britanique\u00a0\u00bb), fond\u00e9e en\u00a01922\u00a0est un radiodiffuseur de\u00a0service public, dont le si\u00e8ge est situ\u00e9 \u00e0 la Broadcasting House de\u00a0Westminster, \u00e0\u00a0Londres. C&rsquo;est le plus ancien radiodiffuseur national du monde.<\/p>\n<\/div>\n<\/div>\n\n\n\n<hr class=\"wp-block-separator\"\/>\n\n\n\n<p class=\"has-text-align-center has-vivid-red-color has-text-color has-medium-font-size\">1 9 2 3<\/p>\n\n\n\n<div class=\"wp-block-columns is-layout-flex wp-container-core-columns-layout-6 wp-block-columns-is-layout-flex\">\n<div class=\"wp-block-column is-layout-flow wp-block-column-is-layout-flow\">\n<div class=\"wp-block-image\"><figure class=\"aligncenter size-large\"><img loading=\"lazy\" decoding=\"async\" width=\"316\" height=\"119\" src=\"https:\/\/armorhistel.org\/centansdelaradio\/wp-content\/uploads\/2021\/07\/image-7.png\" alt=\"\" class=\"wp-image-168\" srcset=\"https:\/\/www.armorhistel.org\/centansdelaradio\/wp-content\/uploads\/2021\/07\/image-7.png 316w, https:\/\/www.armorhistel.org\/centansdelaradio\/wp-content\/uploads\/2021\/07\/image-7-300x113.png 300w\" sizes=\"(max-width: 316px) 100vw, 316px\" \/><\/figure><\/div>\n<\/div>\n\n\n\n<div class=\"wp-block-column is-layout-flow wp-block-column-is-layout-flow\">\n<p><strong>Radio Paris PTT<\/strong>\u00a0\u00e9tait une\u00a0radio\u00a0g\u00e9n\u00e9raliste\u00a0fran\u00e7aise,<a href=\"https:\/\/fr.wikipedia.org\/wiki\/Radio_d%27%C3%89tat\">radio d&rsquo;\u00c9tat<\/a>\u00a0qui a \u00e9mis du\u00a020\u00a0janvier\u00a01923\u00a0au\u00a017\u00a0juin\u00a01940.<\/p>\n<\/div>\n<\/div>\n\n\n\n<hr class=\"wp-block-separator\"\/>\n\n\n\n<p class=\"has-text-align-center has-vivid-red-color has-text-color has-medium-font-size\">1 9 2 6<\/p>\n\n\n\n<div class=\"wp-block-columns is-layout-flex wp-container-core-columns-layout-7 wp-block-columns-is-layout-flex\">\n<div class=\"wp-block-column is-layout-flow wp-block-column-is-layout-flow\">\n<div class=\"wp-block-image\"><figure class=\"aligncenter size-large\"><img loading=\"lazy\" decoding=\"async\" width=\"381\" height=\"121\" src=\"https:\/\/armorhistel.org\/centansdelaradio\/wp-content\/uploads\/2021\/07\/image-8.png\" alt=\"\" class=\"wp-image-169\" srcset=\"https:\/\/www.armorhistel.org\/centansdelaradio\/wp-content\/uploads\/2021\/07\/image-8.png 381w, https:\/\/www.armorhistel.org\/centansdelaradio\/wp-content\/uploads\/2021\/07\/image-8-300x95.png 300w\" sizes=\"(max-width: 381px) 100vw, 381px\" \/><\/figure><\/div>\n<\/div>\n\n\n\n<div class=\"wp-block-column is-layout-flow wp-block-column-is-layout-flow\">\n<p><strong>AU USA, cr\u00e9ation de la NBC<\/strong><\/p>\n\n\n\n<p>La station de radio\u00a0<a href=\"https:\/\/fr.wikipedia.org\/wiki\/WABC_(AM)\">WJZ<\/a>\u00a0833 AM de\u00a0Newark\u00a0(New Jersey), lanc\u00e9e en\u00a0octobre 1921\u00a0par\u00a0Westinghouse Electric, d\u00e9place ses studios \u00e0 New York en 1923 et change de fr\u00e9quence pour 660 AM, avant d&rsquo;\u00eatre acquise par RCA en 1926. Elle devient la station phare du r\u00e9seau\u00a0<a href=\"https:\/\/fr.wikipedia.org\/wiki\/NBC_Blue_Network\">NBC Blue Network<\/a>, lanc\u00e9 le\u00a01<sup>er<\/sup>\u00a0janvier\u00a01927.<\/p>\n<\/div>\n<\/div>\n\n\n\n<hr class=\"wp-block-separator\"\/>\n\n\n\n<p class=\"has-text-align-center has-vivid-red-color has-text-color has-medium-font-size\">1 9 2 7<\/p>\n\n\n\n<div class=\"wp-block-columns is-layout-flex wp-container-core-columns-layout-8 wp-block-columns-is-layout-flex\">\n<div class=\"wp-block-column is-layout-flow wp-block-column-is-layout-flow\">\n<div class=\"wp-block-image\"><figure class=\"aligncenter size-large\"><img loading=\"lazy\" decoding=\"async\" width=\"165\" height=\"165\" src=\"https:\/\/armorhistel.org\/centansdelaradio\/wp-content\/uploads\/2021\/07\/image-9.png\" alt=\"\" class=\"wp-image-170\" srcset=\"https:\/\/www.armorhistel.org\/centansdelaradio\/wp-content\/uploads\/2021\/07\/image-9.png 165w, https:\/\/www.armorhistel.org\/centansdelaradio\/wp-content\/uploads\/2021\/07\/image-9-150x150.png 150w, https:\/\/www.armorhistel.org\/centansdelaradio\/wp-content\/uploads\/2021\/07\/image-9-100x100.png 100w\" sizes=\"(max-width: 165px) 100vw, 165px\" \/><\/figure><\/div>\n<\/div>\n\n\n\n<div class=\"wp-block-column is-layout-flow wp-block-column-is-layout-flow\">\n<p><strong>Au USA, cr\u00e9ation de la CBS<\/strong><\/p>\n\n\n\n<p>Les origines de CBS remontent au\u00a021\u00a0janvier\u00a01927\u00a0avec la cr\u00e9ation du r\u00e9seau radiophonique\u00a0<em>United Independent Broadcasters<\/em>\u00a0\u00e0\u00a0Chicago\u00a0par l&rsquo;agent artistique new-yorkais Arthur Judson.\u00a0<\/p>\n<\/div>\n<\/div>\n\n\n\n<hr class=\"wp-block-separator\"\/>\n\n\n\n<p class=\"has-text-align-center has-vivid-red-color has-text-color has-medium-font-size\">1 9 3 1<\/p>\n\n\n\n<div class=\"wp-block-columns is-layout-flex wp-container-core-columns-layout-9 wp-block-columns-is-layout-flex\">\n<div class=\"wp-block-column is-layout-flow wp-block-column-is-layout-flow\">\n<div class=\"wp-block-image\"><figure class=\"aligncenter size-large\"><img loading=\"lazy\" decoding=\"async\" width=\"165\" height=\"221\" src=\"https:\/\/armorhistel.org\/centansdelaradio\/wp-content\/uploads\/2021\/07\/image-11.png\" alt=\"\" class=\"wp-image-172\"\/><\/figure><\/div>\n<\/div>\n\n\n\n<div class=\"wp-block-column is-layout-flow wp-block-column-is-layout-flow\">\n<p><strong>Cr\u00e9ation de radio Luxembourg<\/strong><\/p>\n\n\n\n<p>La&nbsp;<a href=\"https:\/\/fr.wikipedia.org\/wiki\/RTL_Group\">Compagnie luxembourgeoise de radiodiffusion<\/a>&nbsp;(CLR), soci\u00e9t\u00e9 de droit luxembourgeois mais au capital majoritairement franco-belge, est constitu\u00e9e le&nbsp;30 mai 1931.<\/p>\n<\/div>\n<\/div>\n\n\n\n<hr class=\"wp-block-separator\"\/>\n\n\n\n<div class=\"wp-block-columns is-layout-flex wp-container-core-columns-layout-10 wp-block-columns-is-layout-flex\">\n<div class=\"wp-block-column is-layout-flow wp-block-column-is-layout-flow\">\n<figure class=\"wp-block-image size-large\"><img loading=\"lazy\" decoding=\"async\" width=\"418\" height=\"554\" src=\"https:\/\/armorhistel.org\/centansdelaradio\/wp-content\/uploads\/2021\/07\/image-13.png\" alt=\"\" class=\"wp-image-174\" srcset=\"https:\/\/www.armorhistel.org\/centansdelaradio\/wp-content\/uploads\/2021\/07\/image-13.png 418w, https:\/\/www.armorhistel.org\/centansdelaradio\/wp-content\/uploads\/2021\/07\/image-13-226x300.png 226w\" sizes=\"(max-width: 418px) 100vw, 418px\" \/><\/figure>\n<\/div>\n\n\n\n<div class=\"wp-block-column is-layout-flow wp-block-column-is-layout-flow\">\n<p><strong>Le plan Ferri\u00e9.<\/strong><\/p>\n\n\n\n<p>Ce plan &nbsp;est command\u00e9 par le gouvernement Tardieu au printemps 1930 pour organiser le r\u00e9seau de la radiodiffusion publique. Il cr\u00e9e pour cela une commission qui sera pr\u00e9sid\u00e9e par le g\u00e9n\u00e9ral Ferri\u00e9. Elle d\u00e9pose ses conclusions le 31 juin 1931. Celles-ci seront connues sous le nom \u00ab\u00a0Plan Ferri\u00e9\u00a0\u00bb.<\/p>\n\n\n\n<p>Il pr\u00e9voit : une station en ondes longues, au centre g\u00e9ographique du pays, ce sera Allouis.<\/p>\n\n\n\n<p>Une station en ondes courtes pour les programmes \u00e0 destination des Colonies, ce sera tout d&rsquo;abord le poste colonial (qui appara\u00eet sur la carte), puis Issoudun (plut\u00f4t St Aoustrille) dans des b\u00e2timents dont l&rsquo;un accueille l&rsquo;ACHDR. Et enfin 11 r\u00e9gions radiophoniques en ondes moyennes. La \u00ab\u00a0carte Ferri\u00e9\u00a0\u00bb en donne les emplacements pr\u00e9vus, leur puissance et longueur d&rsquo;onde.<\/p>\n<\/div>\n<\/div>\n\n\n\n<hr class=\"wp-block-separator\"\/>\n\n\n\n<p class=\"has-text-align-center has-vivid-red-color has-text-color has-medium-font-size\">1 9 5 2<\/p>\n\n\n\n<div class=\"wp-block-columns is-layout-flex wp-container-core-columns-layout-11 wp-block-columns-is-layout-flex\">\n<div class=\"wp-block-column is-layout-flow wp-block-column-is-layout-flow\">\n<div class=\"wp-block-image\"><figure class=\"aligncenter size-large\"><img loading=\"lazy\" decoding=\"async\" width=\"252\" height=\"147\" src=\"https:\/\/armorhistel.org\/centansdelaradio\/wp-content\/uploads\/2021\/07\/image-14.png\" alt=\"\" class=\"wp-image-177\"\/><\/figure><\/div>\n<\/div>\n\n\n\n<div class=\"wp-block-column is-layout-flow wp-block-column-is-layout-flow\">\n<p><strong>Reprise des \u00e9missions du poste national d\u2019Allouis<\/strong><\/p>\n<\/div>\n<\/div>\n\n\n\n<hr class=\"wp-block-separator\"\/>\n\n\n\n<p class=\"has-text-align-center has-vivid-red-color has-text-color has-medium-font-size\">1 9 5 5<\/p>\n\n\n\n<div class=\"wp-block-columns is-layout-flex wp-container-core-columns-layout-12 wp-block-columns-is-layout-flex\">\n<div class=\"wp-block-column is-layout-flow wp-block-column-is-layout-flow\">\n<div class=\"wp-block-image\"><figure class=\"aligncenter size-large\"><img loading=\"lazy\" decoding=\"async\" width=\"175\" height=\"130\" src=\"https:\/\/armorhistel.org\/centansdelaradio\/wp-content\/uploads\/2021\/07\/image-15.png\" alt=\"\" class=\"wp-image-178\"\/><\/figure><\/div>\n<\/div>\n\n\n\n<div class=\"wp-block-column is-layout-flow wp-block-column-is-layout-flow\">\n<p><strong>Europe\u00a0n<sup>o<\/sup>\u00a01<\/strong> est une\u00a0<a href=\"https:\/\/fr.wikipedia.org\/wiki\/Station_de_radio\">station de radio<\/a>\u00a0priv\u00e9e g\u00e9n\u00e9raliste\u00a0fran\u00e7aise cr\u00e9\u00e9e le\u00a01<sup>er<\/sup>\u00a0janvier\u00a01955\u00a0par\u00a0<a href=\"https:\/\/fr.wikipedia.org\/wiki\/Charles_Michelson\">Charles Michelson<\/a>\u00a0et\u00a0<a href=\"https:\/\/fr.wikipedia.org\/wiki\/Louis_Merlin\">Louis Merlin<\/a>.<\/p>\n\n\n\n<p>Il faut attendre le\u00a03\u00a0avril\u00a01955\u00a0pour que la station Europe\u00a0n<sup>o<\/sup>\u00a01, reprenne l&rsquo;ancienne fr\u00e9quence de\u00a0<a href=\"https:\/\/fr.wikipedia.org\/wiki\/Radio_Paris\">Radio Paris<\/a> (185 kHz), proche de celle du\u00a0<em>Deutschlandsender<\/em>\u00a0de la\u00a0R.D.A.\u00a0orient\u00e9e vers l&rsquo;est<a href=\"https:\/\/fr.wikipedia.org\/wiki\/Europe_1#cite_note-13\"><sup> \u00a0<\/sup><\/a>en se fixant sur 1\u00a0647\u00a0m\u00a0<a href=\"https:\/\/fr.wikipedia.org\/wiki\/Grandes_ondes\">grandes ondes<\/a>\u00a0(182\u00a0kHz) depuis un \u00e9metteur de 400\u00a0kW\u00a0situ\u00e9 sur le plateau du\u00a0<a href=\"https:\/\/fr.wikipedia.org\/wiki\/%C3%89metteur_d%27Europe_1\">Felsberg<\/a>, pr\u00e8s de\u00a0<a href=\"https:\/\/fr.wikipedia.org\/wiki\/Sarrelouis\">Sarrelouis<\/a>\u00a0<em>(Saarlouis)<\/em>\u00a0en Sarre\u00a0alors sous protectorat, ce qui lui donne la libert\u00e9 de disposer \u00e0 son gr\u00e9 de l&rsquo;attribution de fr\u00e9quences de radio-t\u00e9l\u00e9vision<sup>.<\/sup><\/p>\n<\/div>\n<\/div>\n\n\n\n<hr class=\"wp-block-separator\"\/>\n\n\n\n<p class=\"has-text-align-center has-vivid-red-color has-text-color has-medium-font-size\">1 9 6 5<\/p>\n\n\n\n<div class=\"wp-block-columns is-layout-flex wp-container-core-columns-layout-13 wp-block-columns-is-layout-flex\">\n<div class=\"wp-block-column is-layout-flow wp-block-column-is-layout-flow\">\n<div class=\"wp-block-image\"><figure class=\"aligncenter size-large\"><img loading=\"lazy\" decoding=\"async\" width=\"200\" height=\"312\" src=\"https:\/\/armorhistel.org\/centansdelaradio\/wp-content\/uploads\/2021\/07\/image-16.png\" alt=\"\" class=\"wp-image-179\" srcset=\"https:\/\/www.armorhistel.org\/centansdelaradio\/wp-content\/uploads\/2021\/07\/image-16.png 200w, https:\/\/www.armorhistel.org\/centansdelaradio\/wp-content\/uploads\/2021\/07\/image-16-192x300.png 192w\" sizes=\"(max-width: 200px) 100vw, 200px\" \/><\/figure><\/div>\n<\/div>\n\n\n\n<div class=\"wp-block-column is-layout-flow wp-block-column-is-layout-flow\">\n<p><strong>La RTF lance le 28 mars 1954 des programmes exp\u00e9rimentaux en&nbsp;modulation de fr\u00e9quence<\/strong>, mais la couverture compl\u00e8te du territoire national est seulement achev\u00e9e au milieu des ann\u00e9es 1960.<\/p>\n<\/div>\n<\/div>\n\n\n\n<hr class=\"wp-block-separator\"\/>\n\n\n\n<p class=\"has-text-align-center has-vivid-red-color has-text-color has-medium-font-size\">1 9 8 1<\/p>\n\n\n\n<div class=\"wp-block-columns is-layout-flex wp-container-core-columns-layout-14 wp-block-columns-is-layout-flex\">\n<div class=\"wp-block-column is-layout-flow wp-block-column-is-layout-flow\">\n<figure class=\"wp-block-image size-large\"><img loading=\"lazy\" decoding=\"async\" width=\"668\" height=\"824\" src=\"https:\/\/armorhistel.org\/centansdelaradio\/wp-content\/uploads\/2021\/07\/image-17.png\" alt=\"\" class=\"wp-image-180\" srcset=\"https:\/\/www.armorhistel.org\/centansdelaradio\/wp-content\/uploads\/2021\/07\/image-17.png 668w, https:\/\/www.armorhistel.org\/centansdelaradio\/wp-content\/uploads\/2021\/07\/image-17-243x300.png 243w\" sizes=\"(max-width: 668px) 100vw, 668px\" \/><\/figure>\n<\/div>\n\n\n\n<div class=\"wp-block-column is-layout-flow wp-block-column-is-layout-flow\">\n<p><strong>Lib\u00e9ralisation de la bande FM<\/strong> <\/p>\n\n\n\n<p>L\u2019ann\u00e9e 1981 marque le v\u00e9ritable d\u00e9but de la lib\u00e9ration des ondes avec l\u2019apparition des premi\u00e8res \u00ab radios libres \u00bb.<br>La loi du 9 novembre 1981 pr\u00e9voit des d\u00e9rogations au monopole d\u2019Etat pour les radios locales priv\u00e9es associatives. Radio Z\u00e9ma en Loz\u00e8re est la premi\u00e8re radio libre \u00e0 obtenir cette d\u00e9rogation.<br>Les \u00ab radios libres \u00bb peuvent alors \u00e9mettre en modulation de fr\u00e9quence, mais sans diffuser de messages publicitaires. C\u2019est le premier pas vers la lib\u00e9ralisation de la radio et la r\u00e9gularisation de toutes les radios qui \u00e9mettaient ill\u00e9galement, parfois depuis la fin des ann\u00e9es 60.<br>En 1982, la loi du 29 juillet proclame que \u00ab la communication audiovisuelle est libre \u00bb et abolit le monopole de l\u2019audiovisuel.<br>Le plafond des recettes de publicit\u00e9 est supprim\u00e9 et 2000 radios libres sont recens\u00e9es<\/p>\n<\/div>\n<\/div>\n\n\n\n<hr class=\"wp-block-separator\"\/>\n","protected":false},"excerpt":{"rendered":"<p>1 9 1 9 Au USA, cr\u00e9ation de la RCA La compagnie RCA est cr\u00e9\u00e9e en 1919 aux\u00a0\u00c9tats Unis\u00a0par\u00a0General Electric\u00a0qui cherche alors un moyen de contr\u00f4ler le secteur \u00e9mergent de la radio. La soci\u00e9t\u00e9 reprend les activit\u00e9s de\u00a0Marconi\u00a0et commercialise les \u00e9quipements fabriqu\u00e9s par\u00a0General Electric\u00a0et\u00a0Westinghouse 1 9 2 1 Le poste militaire de la&nbsp;Tour Eiffel&nbsp;est la &hellip; <\/p>\n<p class=\"link-more\"><a href=\"https:\/\/www.armorhistel.org\/centansdelaradio\/index.php\/le-temps-de-lanalogique\/\" class=\"more-link\">Continuer la lecture<span class=\"screen-reader-text\"> de &laquo;&nbsp;Le temps de l&rsquo;analogique&nbsp;&raquo;<\/span><\/a><\/p>\n","protected":false},"author":1,"featured_media":0,"parent":0,"menu_order":0,"comment_status":"closed","ping_status":"closed","template":"","meta":{"footnotes":""},"_links":{"self":[{"href":"https:\/\/www.armorhistel.org\/centansdelaradio\/index.php\/wp-json\/wp\/v2\/pages\/123"}],"collection":[{"href":"https:\/\/www.armorhistel.org\/centansdelaradio\/index.php\/wp-json\/wp\/v2\/pages"}],"about":[{"href":"https:\/\/www.armorhistel.org\/centansdelaradio\/index.php\/wp-json\/wp\/v2\/types\/page"}],"author":[{"embeddable":true,"href":"https:\/\/www.armorhistel.org\/centansdelaradio\/index.php\/wp-json\/wp\/v2\/users\/1"}],"replies":[{"embeddable":true,"href":"https:\/\/www.armorhistel.org\/centansdelaradio\/index.php\/wp-json\/wp\/v2\/comments?post=123"}],"version-history":[{"count":21,"href":"https:\/\/www.armorhistel.org\/centansdelaradio\/index.php\/wp-json\/wp\/v2\/pages\/123\/revisions"}],"predecessor-version":[{"id":185,"href":"https:\/\/www.armorhistel.org\/centansdelaradio\/index.php\/wp-json\/wp\/v2\/pages\/123\/revisions\/185"}],"wp:attachment":[{"href":"https:\/\/www.armorhistel.org\/centansdelaradio\/index.php\/wp-json\/wp\/v2\/media?parent=123"}],"curies":[{"name":"wp","href":"https:\/\/api.w.org\/{rel}","templated":true}]}}